{"id":4342,"date":"2025-05-20T21:13:41","date_gmt":"2025-05-21T00:13:41","guid":{"rendered":"https:\/\/iscarena-cba.infd.edu.ar\/sitio\/?page_id=4342"},"modified":"2025-05-20T21:13:42","modified_gmt":"2025-05-21T00:13:42","slug":"publicacion-de-convocatoria-de-horas-catedras-vacantes-de-carreras-de-nivel-superior-correspondientes-al-instituto-superior-dr-carlos-m-carena-14-de-abril-de-2025","status":"publish","type":"page","link":"https:\/\/iscarena-cba.infd.edu.ar\/sitio\/publicacion-de-convocatoria-de-horas-catedras-vacantes-de-carreras-de-nivel-superior-correspondientes-al-instituto-superior-dr-carlos-m-carena-14-de-abril-de-2025\/","title":{"rendered":"Publicaci\u00f3n de Convocatoria de horas c\u00e1tedras vacantes de carreras de Nivel Superior correspondientes al Instituto Superior Dr. Carlos M. Carena \u2013  05 de mayo de 2025"},"content":{"rendered":"\n<p><strong>Procedimiento establecido en el marco de la Resoluci\u00f3n 197\/22<\/strong><\/p>\n\n\n\n<p>El Instituto Superior Dr. Carlos M. Carena informa que&nbsp;<strong>desde el 05 y al 07 de mayo de 2025<\/strong>, se encontrar\u00e1 abierta la Convocatoria on-line en la p\u00e1gina web Institucional, &nbsp;para cubrir las&nbsp;horas c\u00e1tedras vacantes&nbsp; que se detallan a continuaci\u00f3n:<\/p>\n\n\n\n<p><strong>Carrera<\/strong>: Tecnicatura Superior en Desarrollo de Software RM N\u00b0 166\/23<\/p>\n\n\n\n<figure class=\"wp-block-table\"><table><tbody><tr><td class=\"has-text-align-center\" data-align=\"center\"><strong>Espacio Curricular<\/strong><\/td><td><strong>A\u00f1o<\/strong><\/td><td><strong>Divisi\u00f3n\/secci\u00f3n<\/strong><\/td><td class=\"has-text-align-center\" data-align=\"center\"><strong>Cantidad de horas<\/strong><\/td><td><strong>Horario de desempe\u00f1o<\/strong><\/td><td><strong>Car\u00e1cter<\/strong><\/td><td class=\"has-text-align-center\" data-align=\"center\"><strong>Origen de la vacante<\/strong><\/td><\/tr><tr><td class=\"has-text-align-center\" data-align=\"center\">Ingenier\u00eda de Software<\/td><td>Tercero<\/td><td>\u00abA\u00bb<\/td><td class=\"has-text-align-center\" data-align=\"center\">5<\/td><td>Lunes: de 19:10 a 19:50,<br>de 19:50 a 20:30<br>y de 20.35 a 21:15<br>Mi\u00e9rcoles&nbsp;<br>de 20.35 a 21:15<br>y de 21:15 a 21:55<\/td><td>Interino<\/td><td class=\"has-text-align-center\" data-align=\"center\">Renuncia<br>2\u00b0 CONVOCATORIA<\/td><\/tr><\/tbody><\/table><\/figure>\n\n\n\n<p>INSCRIPCI\u00d3N DE POSTULANTES:<\/p>\n\n\n\n<p>Los aspirantes deber\u00e1n, con car\u00e1cter de Declaraci\u00f3n Jurada, cumplir con los siguientes requisitos:<\/p>\n\n\n\n<p>Enviar a la casilla de mail&nbsp;&nbsp;<a rel=\"noreferrer noopener\" href=\"mailto:icarenamclavero@iscarena.edu.ar\" target=\"_blank\">icarenamclavero@iscarena.edu.ar<\/a> dentro de los tiempos fehacientemente establecidos y hasta la primera hora del d\u00eda h\u00e1bil posterior al cierre de la inscripci\u00f3n,&nbsp;<strong>un \u00fanico archivo claro y legible, en PDF de la siguiente documentaci\u00f3n<\/strong>:<\/p>\n\n\n\n<ul>\n<li>Formulario de inscripci\u00f3n, correspondiente a la unidad curricular en que se haya inscripto<\/li>\n\n\n\n<li>Copia del anverso y reverso del t\u00edtulo y\/o Certificado Anal\u00edtico del interesado, certificados.<\/li>\n\n\n\n<li>Constancia de Servicios actualizada.<\/li>\n\n\n\n<li>Copia de DNI en anverso y reverso.<\/li>\n\n\n\n<li>CV nominativo seg\u00fan formato correspondiente.<\/li>\n\n\n\n<li>Proyecto de abordaje del Espacio Curricular que contemple la modalidad combinada presencial y virtual, el documento \u00abOrientaciones y Criterios para la Valoraci\u00f3n del Proyecto\u00bb y los contenidos propios del Espacio Curricular (hasta 5 p\u00e1ginas). El mismo deber\u00e1 contener:<\/li>\n<\/ul>\n\n\n\n<ol>\n<li>Nombre de la Instituci\u00f3n<\/li>\n\n\n\n<li>Datos del Postulante<\/li>\n\n\n\n<li>Espacio Curricular<\/li>\n\n\n\n<li>Fundamentaci\u00f3n<\/li>\n\n\n\n<li>Objetivos<\/li>\n\n\n\n<li>Selecci\u00f3n y secuencia de contenidos<\/li>\n\n\n\n<li>Escenarios de aprendizaje que contemplen la virtualidad<\/li>\n\n\n\n<li>Recursos materiales, tiempos<\/li>\n\n\n\n<li>Propuesta e instrumentos de evaluaci\u00f3n<\/li>\n<\/ol>\n\n\n\n<p>Enlaces importantes:<\/p>\n\n\n\n<p><a href=\"https:\/\/docs.google.com\/document\/d\/1pND6gOr_IibqEpRxVIn-pkjukvGauFnNWMGQUC2n_cs\/edit?usp=sharing\">Formato de CV<\/a><\/p>\n\n\n\n<p>Formulario de Inscripci\u00f3n: <a href=\"https:\/\/docs.google.com\/document\/d\/1JvHvP5D1UQhx9mKbmu3g1huj3xn86GxG\/edit?usp=sharing&amp;ouid=112707123109384603574&amp;rtpof=true&amp;sd=true\">Ingenier\u00eda<\/a> de <a href=\"https:\/\/docs.google.com\/document\/d\/1JvHvP5D1UQhx9mKbmu3g1huj3xn86GxG\/edit?usp=sharing&amp;ouid=112707123109384603574&amp;rtpof=true&amp;sd=true\">Software<\/a><\/p>\n\n\n\n<p>Acta Dictamen:&nbsp;Ing<a href=\"https:\/\/docs.google.com\/document\/d\/1pwMTgpJNTWXyIwMWuRPZ8T9RZvZH6TKTikwy12Glots\/edit?tab=t.0\">enier\u00eda de Software<\/a><\/p>\n","protected":false},"excerpt":{"rendered":"<p>Procedimiento establecido en el marco de la Resoluci\u00f3n 197\/22 El Instituto Superior Dr. Carlos M. Carena informa que&nbsp;desde el 05 y al 07 de mayo de 2025, se encontrar\u00e1 abierta la Convocatoria on-line en la p\u00e1gina web Institucional, &nbsp;para cubrir las&nbsp;horas c\u00e1tedras vacantes&nbsp; que se detallan a continuaci\u00f3n: Carrera: Tecnicatura Superior en Desarrollo de Software &#8230; <a title=\"Publicaci\u00f3n de Convocatoria de horas c\u00e1tedras vacantes de carreras de Nivel Superior correspondientes al Instituto Superior Dr. Carlos M. Carena \u2013  05 de mayo de 2025\" class=\"read-more\" href=\"https:\/\/iscarena-cba.infd.edu.ar\/sitio\/publicacion-de-convocatoria-de-horas-catedras-vacantes-de-carreras-de-nivel-superior-correspondientes-al-instituto-superior-dr-carlos-m-carena-14-de-abril-de-2025\/\" aria-label=\"More on Publicaci\u00f3n de Convocatoria de horas c\u00e1tedras vacantes de carreras de Nivel Superior correspondientes al Instituto Superior Dr. Carlos M. Carena \u2013  05 de mayo de 2025\">[+]<\/a><\/p>\n","protected":false},"author":1596,"featured_media":0,"parent":0,"menu_order":0,"comment_status":"closed","ping_status":"closed","template":"","meta":[],"acf":[],"_links":{"self":[{"href":"https:\/\/iscarena-cba.infd.edu.ar\/sitio\/wp-json\/wp\/v2\/pages\/4342"}],"collection":[{"href":"https:\/\/iscarena-cba.infd.edu.ar\/sitio\/wp-json\/wp\/v2\/pages"}],"about":[{"href":"https:\/\/iscarena-cba.infd.edu.ar\/sitio\/wp-json\/wp\/v2\/types\/page"}],"author":[{"embeddable":true,"href":"https:\/\/iscarena-cba.infd.edu.ar\/sitio\/wp-json\/wp\/v2\/users\/1596"}],"replies":[{"embeddable":true,"href":"https:\/\/iscarena-cba.infd.edu.ar\/sitio\/wp-json\/wp\/v2\/comments?post=4342"}],"version-history":[{"count":11,"href":"https:\/\/iscarena-cba.infd.edu.ar\/sitio\/wp-json\/wp\/v2\/pages\/4342\/revisions"}],"predecessor-version":[{"id":4393,"href":"https:\/\/iscarena-cba.infd.edu.ar\/sitio\/wp-json\/wp\/v2\/pages\/4342\/revisions\/4393"}],"wp:attachment":[{"href":"https:\/\/iscarena-cba.infd.edu.ar\/sitio\/wp-json\/wp\/v2\/media?parent=4342"}],"curies":[{"name":"wp","href":"https:\/\/api.w.org\/{rel}","templated":true}]}}