{"id":2780,"date":"2022-04-05T18:32:01","date_gmt":"2022-04-05T21:32:01","guid":{"rendered":"https:\/\/iscarena-cba.infd.edu.ar\/sitio\/?page_id=2780"},"modified":"2022-04-14T12:54:28","modified_gmt":"2022-04-14T15:54:28","slug":"vacantes-res-m-e-n197-22","status":"publish","type":"page","link":"https:\/\/iscarena-cba.infd.edu.ar\/sitio\/vacantes-res-m-e-n197-22\/","title":{"rendered":"Marzo 2022"},"content":{"rendered":"\n<p><a href=\"https:\/\/iscarena-cba.infd.edu.ar\/#facebook\" rel=\"noreferrer noopener\" target=\"_blank\">Facebook<\/a><a href=\"https:\/\/iscarena-cba.infd.edu.ar\/#twitter\" rel=\"noreferrer noopener\" target=\"_blank\">Twitter<\/a><a href=\"https:\/\/www.addtoany.com\/share#url=https%3A%2F%2Fiscarena-cba.infd.edu.ar%2Fsitio%2Fvacantes2020%2F&amp;title=Vacantes%20RES.%20M.E.%20N%C2%B0194%2F20\">Compartir<\/a><\/p>\n\n\n\n<p><strong>Publicaci\u00f3n de horas c\u00e1tedras&nbsp;interinas o suplentes&nbsp;vacantes&nbsp;de carreras de Nivel Superior correspondientes al Instituto Superior Dr. Carlos M. Carena.<\/strong><\/p>\n\n\n\n<p>El Instituto Superior Dr. Carlos M. Carena pone a conocimiento&nbsp;<strong>las Convocatorias On-Line en la p\u00e1gina Web Institucional<\/strong>, para cubrir las horas c\u00e1tedras vacantes que se detallan a continuaci\u00f3n:<\/p>\n\n\n\n<ul><li><strong>Carrera: Profesorado de Ingl\u00e9s<\/strong><ul><li>A78647-Fon\u00e9tica y Fonolog\u00eda Inglesa I<\/li><li>A78646-Pr\u00e1cticas Discursivas en Ingl\u00e9s I<\/li><\/ul><\/li><li><strong>Carrera: Profesorado de Educaci\u00f3n Especial con orientaci\u00f3n en Discapacidad Ingelectual<\/strong><ul><li>A76863-Educaci\u00f3n Psicomotriz<\/li><li>A76861-Lenguaje Corporal y Educaci\u00f3n Especial<\/li><li>A76864-Lectura y Escritura Acad\u00e9mica<\/li><li>A76862-Neuropsicolog\u00eda del Desarrollo<\/li><\/ul><\/li><\/ul>\n\n\n\n<p><strong>Procedimiento establecido en el marco de la<a rel=\"noreferrer noopener\" href=\"https:\/\/iscarena-cba.infd.edu.ar\/sitio\/wp-content\/uploads\/2022\/04\/Res_Min_197-21.pdf\" target=\"_blank\"> Resoluci\u00f3n 197\/22.<\/a><\/strong><\/p>\n\n\n\n<p>Para m\u00e1s informaci\u00f3n acceder a la siguiente p\u00e1gina: <a href=\"http:\/\/dges-cba.edu.ar\/wp\/\" target=\"_blank\" rel=\"noreferrer noopener\">http:\/\/dges-cba.edu.ar\/wp\/<\/a><\/p>\n","protected":false},"excerpt":{"rendered":"<p>FacebookTwitterCompartir Publicaci\u00f3n de horas c\u00e1tedras&nbsp;interinas o suplentes&nbsp;vacantes&nbsp;de carreras de Nivel Superior correspondientes al Instituto Superior Dr. Carlos M. Carena. El Instituto Superior Dr. Carlos M. Carena pone a conocimiento&nbsp;las Convocatorias On-Line en la p\u00e1gina Web Institucional, para cubrir las horas c\u00e1tedras vacantes que se detallan a continuaci\u00f3n: Carrera: Profesorado de Ingl\u00e9s A78647-Fon\u00e9tica y Fonolog\u00eda Inglesa &#8230; <a title=\"Marzo 2022\" class=\"read-more\" href=\"https:\/\/iscarena-cba.infd.edu.ar\/sitio\/vacantes-res-m-e-n197-22\/\" aria-label=\"More on Marzo 2022\">[+]<\/a><\/p>\n","protected":false},"author":938,"featured_media":0,"parent":0,"menu_order":0,"comment_status":"closed","ping_status":"closed","template":"","meta":[],"acf":[],"_links":{"self":[{"href":"https:\/\/iscarena-cba.infd.edu.ar\/sitio\/wp-json\/wp\/v2\/pages\/2780"}],"collection":[{"href":"https:\/\/iscarena-cba.infd.edu.ar\/sitio\/wp-json\/wp\/v2\/pages"}],"about":[{"href":"https:\/\/iscarena-cba.infd.edu.ar\/sitio\/wp-json\/wp\/v2\/types\/page"}],"author":[{"embeddable":true,"href":"https:\/\/iscarena-cba.infd.edu.ar\/sitio\/wp-json\/wp\/v2\/users\/938"}],"replies":[{"embeddable":true,"href":"https:\/\/iscarena-cba.infd.edu.ar\/sitio\/wp-json\/wp\/v2\/comments?post=2780"}],"version-history":[{"count":6,"href":"https:\/\/iscarena-cba.infd.edu.ar\/sitio\/wp-json\/wp\/v2\/pages\/2780\/revisions"}],"predecessor-version":[{"id":2822,"href":"https:\/\/iscarena-cba.infd.edu.ar\/sitio\/wp-json\/wp\/v2\/pages\/2780\/revisions\/2822"}],"wp:attachment":[{"href":"https:\/\/iscarena-cba.infd.edu.ar\/sitio\/wp-json\/wp\/v2\/media?parent=2780"}],"curies":[{"name":"wp","href":"https:\/\/api.w.org\/{rel}","templated":true}]}}