{"id":2680,"date":"2021-12-13T21:04:07","date_gmt":"2021-12-14T00:04:07","guid":{"rendered":"https:\/\/iscarena-cba.infd.edu.ar\/sitio\/?page_id=2680"},"modified":"2022-02-12T20:17:39","modified_gmt":"2022-02-12T23:17:39","slug":"inscripcion-2022","status":"publish","type":"page","link":"https:\/\/iscarena-cba.infd.edu.ar\/sitio\/inscripcion-2022\/","title":{"rendered":"Inscripci\u00f3n 2022"},"content":{"rendered":"\n<div class=\"wp-block-image\"><figure class=\"aligncenter size-large\"><img decoding=\"async\" loading=\"lazy\" width=\"904\" height=\"1280\" src=\"https:\/\/iscarena-cba.infd.edu.ar\/sitio\/wp-content\/uploads\/2022\/02\/Oferta.jpeg\" alt=\"\" class=\"wp-image-2695\" srcset=\"https:\/\/iscarena-cba.infd.edu.ar\/sitio\/wp-content\/uploads\/2022\/02\/Oferta.jpeg 904w, https:\/\/iscarena-cba.infd.edu.ar\/sitio\/wp-content\/uploads\/2022\/02\/Oferta-706x1000.jpeg 706w, https:\/\/iscarena-cba.infd.edu.ar\/sitio\/wp-content\/uploads\/2022\/02\/Oferta-768x1087.jpeg 768w\" sizes=\"(max-width: 904px) 100vw, 904px\" \/><\/figure><\/div>\n\n\n\n<h2 class=\"wp-block-heading\">&#x2b06;&#xfe0f;El procedimiento para la inscripci\u00f3n virtual es el siguiente:<\/h2>\n\n\n\n<p>Es preciso tener previamente una cuenta de Ciudadano Digital CiDi del Portal: https:\/\/cidi.cba.gov.ar\/Cuenta\/Login<br>Dejar la cuenta abierta en una pesta\u00f1a. &#8212;&#8212;&#8212;&#8212;&#8212;&#8212;&#8212;&#8212;&#8212;&#8212;&#8212;&#8212;&#8212;&#8212;&#8212;&#8212;&#8212;&#8212;&#8211;<br>En Otra pesta\u00f1a se debe ingresar a: Pre Matr\u00edcula &#8211; Nivel Superior de la p\u00e1gina https:\/\/www.cba.gov.ar\/gestion-estudiantes\/<br>En Consulta de Carreras e Institutos de Nivel Superior seleccionar el bot\u00f3n:<br>Buscar Institutos<br>Escribir Carena y Hacer clic en la lupa Buscar (El nuestro se llama: Instituto Superior Dr. Carlos Mar\u00eda Carena y el C\u00f3digo es: EE0310116)<br>Luego seleccionar -> Ver Carreras<br>Aparecer\u00e1 un listado con las Carreras del Instituto:<br>PROFESORADO DE EDUCACI\u00d3N PRIMARIA<br>PROFESORADO DE INGL\u00c9S<br>PROFESORADO DE EDUCACI\u00d3N ESPECIAL CON ORIENTACI\u00d3N EN DISCAPACIDAD INTELECTUAL<br>TECNICATURA SUPERIOR EN DESARROLLO DE SOFTWARE<br>Cada una de ellas con su acceso a la<br>-> Prematriculaci\u00f3n<br>Se deben completar los datos y seleccionar:<\/p>\n\n\n\n<h2 class=\"wp-block-heading\">Pre-Matricular Estudiante<\/h2>\n\n\n\n<p>Desde el icono impresora, descargar el COMPROBANTE DE INSCRIPCI\u00d3N<\/p>\n\n\n\n<p>Pueden acercarse al Instituto a traer en formato papel la documentaci\u00f3n para confirmar la inscripci\u00f3na partir del mi\u00e9rcoles 16 de febrero en horario vespertino en el \u00e1rea de preceptor\u00eda:<\/p>\n\n\n\n<p>COMPROBANTE DE INSCRIPCI\u00d3N en Gesti\u00f3n Estudiantes<\/p>\n\n\n\n<p>FOTOCOPIA DEL DNI<\/p>\n\n\n\n<p>FOTOCOPIA DE PARTIDA DE NACIMIENTO<\/p>\n\n\n\n<p>FOTOCOPIA DEL T\u00cdTULO DE NIVEL SECUNDARIO O CONSTANCIA DE T\u00cdTULO EN TR\u00c1MITE<\/p>\n\n\n\n<p>CERTIFICADO DE DOMICILIO ACTUALIZADO<\/p>\n\n\n\n<p>CERTIFICADO DE ANTECEDENTES PROVINCIAL ACTUALIZADO<\/p>\n\n\n\n<p>2 FOTOS 4X4<\/p>\n\n\n\n<p>FICHA M\u00c9DICA (CUS)<\/p>\n","protected":false},"excerpt":{"rendered":"<p>&#x2b06;&#xfe0f;El procedimiento para la inscripci\u00f3n virtual es el siguiente: Es preciso tener previamente una cuenta de Ciudadano Digital CiDi del Portal: https:\/\/cidi.cba.gov.ar\/Cuenta\/LoginDejar la cuenta abierta en una pesta\u00f1a. &#8212;&#8212;&#8212;&#8212;&#8212;&#8212;&#8212;&#8212;&#8212;&#8212;&#8212;&#8212;&#8212;&#8212;&#8212;&#8212;&#8212;&#8212;&#8211;En Otra pesta\u00f1a se debe ingresar a: Pre Matr\u00edcula &#8211; Nivel Superior de la p\u00e1gina https:\/\/www.cba.gov.ar\/gestion-estudiantes\/En Consulta de Carreras e Institutos de Nivel Superior seleccionar el bot\u00f3n:Buscar &#8230; <a title=\"Inscripci\u00f3n 2022\" class=\"read-more\" href=\"https:\/\/iscarena-cba.infd.edu.ar\/sitio\/inscripcion-2022\/\" aria-label=\"More on Inscripci\u00f3n 2022\">[+]<\/a><\/p>\n","protected":false},"author":938,"featured_media":0,"parent":0,"menu_order":0,"comment_status":"closed","ping_status":"closed","template":"","meta":[],"acf":[],"_links":{"self":[{"href":"https:\/\/iscarena-cba.infd.edu.ar\/sitio\/wp-json\/wp\/v2\/pages\/2680"}],"collection":[{"href":"https:\/\/iscarena-cba.infd.edu.ar\/sitio\/wp-json\/wp\/v2\/pages"}],"about":[{"href":"https:\/\/iscarena-cba.infd.edu.ar\/sitio\/wp-json\/wp\/v2\/types\/page"}],"author":[{"embeddable":true,"href":"https:\/\/iscarena-cba.infd.edu.ar\/sitio\/wp-json\/wp\/v2\/users\/938"}],"replies":[{"embeddable":true,"href":"https:\/\/iscarena-cba.infd.edu.ar\/sitio\/wp-json\/wp\/v2\/comments?post=2680"}],"version-history":[{"count":4,"href":"https:\/\/iscarena-cba.infd.edu.ar\/sitio\/wp-json\/wp\/v2\/pages\/2680\/revisions"}],"predecessor-version":[{"id":2696,"href":"https:\/\/iscarena-cba.infd.edu.ar\/sitio\/wp-json\/wp\/v2\/pages\/2680\/revisions\/2696"}],"wp:attachment":[{"href":"https:\/\/iscarena-cba.infd.edu.ar\/sitio\/wp-json\/wp\/v2\/media?parent=2680"}],"curies":[{"name":"wp","href":"https:\/\/api.w.org\/{rel}","templated":true}]}}