{"id":1351,"date":"2018-07-02T19:33:54","date_gmt":"2018-07-02T22:33:54","guid":{"rendered":"https:\/\/iscarena-cba.infd.edu.ar\/sitio\/profesorado-de-educacion-primaria\/"},"modified":"2025-03-21T17:52:34","modified_gmt":"2025-03-21T20:52:34","slug":"profesorado-de-educacion-primaria","status":"publish","type":"page","link":"https:\/\/iscarena-cba.infd.edu.ar\/sitio\/profesorado-de-educacion-primaria\/","title":{"rendered":"Profesorado de Educaci\u00f3n Primaria"},"content":{"rendered":"\n<p><strong>Duraci\u00f3n: 4 a\u00f1os<\/strong><\/p>\n\n\n<p><span style=\"font-weight: 400;\">El <\/span><span style=\"font-weight: 400;\">Profesorado en Educaci\u00f3n Primaria busca formar un profesional con sensibilidad social que utilice sus conocimientos metodol\u00f3gicos y te\u00f3ricos para la soluci\u00f3n creativa a problemas inherentes a la educaci\u00f3n de los ni\u00f1os entre los 6 y 12 a\u00f1os. Para ello, debe considerar los valores culturales del medio y las caracter\u00edsticas contextuales\u00a0 en las que desarrollar\u00e1 la actividad docente.<\/span><\/p>\n<p><span style=\"font-weight: 400;\">As\u00ed el Profesor de Educaci\u00f3n Primaria deber\u00e1 conocer:<\/span><\/p>\n<ul>\n<li style=\"font-weight: 400;\" aria-level=\"1\"><span style=\"font-weight: 400;\">Las \u00e1reas: filos\u00f3fica, pedag\u00f3gico-did\u00e1ctica, antropol\u00f3gica, socio-pol\u00edtica, psicol\u00f3gica y formarse en lenguajes verbales y no verbales.<\/span><\/li>\n<\/ul>\n<ul>\n<li style=\"font-weight: 400;\" aria-level=\"1\"><span style=\"font-weight: 400;\">El desarrollo integral del ni\u00f1o y su relaci\u00f3n con los procesos de ense\u00f1anza y aprendizaje considerando diferentes espacios socioculturales.<\/span><\/li>\n<\/ul>\n<ul>\n<li style=\"font-weight: 400;\" aria-level=\"1\"><span style=\"font-weight: 400;\">Los campos te\u00f3ricos y metodol\u00f3gicos referidos a la Educaci\u00f3n Primaria.\u00a0\u00a0\u00a0<\/span><\/li>\n<\/ul>\n<p><span style=\"font-weight: 400;\">A partir de aqu\u00ed, el profesor de Educaci\u00f3n Primaria podr\u00e1 dise\u00f1ar, desarrollar y evaluar procesos de ense\u00f1anza para la Educaci\u00f3n Primaria en sus diferentes ciclos y modalidades; participar en la elaboraci\u00f3n y evaluaci\u00f3n de planes, programas y proyectos en instituciones formales y no formales.<\/span><\/p>\n<p><span style=\"font-weight: 400;\">El maestro tiene como funci\u00f3n fundamental ser transmisor y recreador cultural a\u00a0 partir de su capacidad reflexiva,\u00a0 cr\u00edtica y creativa. De esta manera, la formaci\u00f3n docente inicial sentar\u00e1 las bases en este sentido y se complementar\u00e1 a posteriori con la formaci\u00f3n docente continua que permita la apropiaci\u00f3n de saberes actualizados.<\/span><\/p>\n<p><span style=\"font-weight: 400;\">\u00a0<\/span><span style=\"font-weight: 400;\">CAMPO LABORAL:<\/span><\/p>\n<p><span style=\"font-weight: 400;\">\u00c1rea P\u00fablica:<\/span><\/p>\n<ul>\n<li><span style=\"font-weight: 400;\"> Instituciones educativas de nivel primario urbanas y\/o rurales.<\/span><\/li>\n<li><span style=\"font-weight: 400;\"> Educaci\u00f3n domiciliaria y hospitalaria de nivel primario.<\/span><\/li>\n<li><span style=\"font-weight: 400;\"> Instituciones primarias para adultos.<\/span><\/li>\n<li><span style=\"font-weight: 400;\"> Escuelas primarias en contextos de privaci\u00f3n de libertad.<\/span><\/li>\n<li><span style=\"font-weight: 400;\"> Programas de atenci\u00f3n a la infancia.<\/span><\/li>\n<li><span style=\"font-weight: 400;\"> Desarrollo de actividades educativas, culturales, recreativas en \u00e1mbitos formales y no formales.<\/span><\/li>\n<li><span style=\"font-weight: 400;\"> Organismos de Atenci\u00f3n y estudio referidos a Educaci\u00f3n del ni\u00f1o entre los 6 y los 12 a\u00f1os.<\/span><\/li>\n<\/ul>\n<p><span style=\"font-weight: 400;\">\u00c1rea Privada:<\/span><\/p>\n<ul>\n<li><span style=\"font-weight: 400;\"> Escuelas privadas de nivel primario.<\/span><\/li>\n<li><span style=\"font-weight: 400;\"> Ejercicio Profesional Independiente.<\/span><\/li>\n<\/ul>\n<p><img decoding=\"async\" loading=\"lazy\" class=\"size-full wp-image-3157 aligncenter\" src=\"https:\/\/iscarena-cba.infd.edu.ar\/sitio\/wp-content\/uploads\/2022\/09\/profodi.jpg\" alt=\"\" width=\"487\" height=\"245\" \/><\/p>\n<p><span style=\"font-weight: 400;\">El <\/span><b>Profesorado de Educaci\u00f3n Primaria <\/b><span style=\"font-weight: 400;\">se dicta en el marco del <\/span><b>PROFODI-MC<\/b><span style=\"font-weight: 400;\">. Este Programa de Formaci\u00f3n Docente Inicial en Modalidad Combinada\u00a0 tiene como objetivo acompa\u00f1ar a las instituciones, docentes y estudiantes a transitar una experiencia de formaci\u00f3n docente inicial en modalidad combinada, asistiendo en apoyo pedag\u00f3gico, desarrollo de aulas virtuales, capacitaci\u00f3n en herramientas digitales, etc. <\/span><\/p>\n<p>\u00a0<\/p>\n<p><b>Plan de estudio<\/b><\/p>\n<p><img decoding=\"async\" loading=\"lazy\" class=\"alignnone size-medium wp-image-3401 aligncenter\" src=\"https:\/\/iscarena-cba.infd.edu.ar\/sitio\/wp-content\/uploads\/2023\/09\/Diapositiva4-1000x563.jpg\" alt=\"\" width=\"1000\" height=\"563\" srcset=\"https:\/\/iscarena-cba.infd.edu.ar\/sitio\/wp-content\/uploads\/2023\/09\/Diapositiva4-1000x563.jpg 1000w, https:\/\/iscarena-cba.infd.edu.ar\/sitio\/wp-content\/uploads\/2023\/09\/Diapositiva4-768x432.jpg 768w, https:\/\/iscarena-cba.infd.edu.ar\/sitio\/wp-content\/uploads\/2023\/09\/Diapositiva4.jpg 1280w\" sizes=\"(max-width: 1000px) 100vw, 1000px\" \/><\/p>\n<p><b>Sistema de correlatividades<\/b><\/p>\n<p><img decoding=\"async\" loading=\"lazy\" class=\"wp-image-3159 aligncenter\" src=\"https:\/\/iscarena-cba.infd.edu.ar\/sitio\/wp-content\/uploads\/2022\/09\/correlativas-Profesorado-de-Primaria.jpg\" alt=\"\" width=\"666\" height=\"372\" srcset=\"https:\/\/iscarena-cba.infd.edu.ar\/sitio\/wp-content\/uploads\/2022\/09\/correlativas-Profesorado-de-Primaria.jpg 783w, https:\/\/iscarena-cba.infd.edu.ar\/sitio\/wp-content\/uploads\/2022\/09\/correlativas-Profesorado-de-Primaria-768x430.jpg 768w\" sizes=\"(max-width: 666px) 100vw, 666px\" \/><\/p>\n<p><span style=\"color: #ffffff;\"><strong>s a la DGES<\/strong><\/span><\/p>\n<p><span style=\"color: #ffffff;\"><span style=\"text-decoration: underline;\"><span style=\"color: #000000; text-decoration: underline;\">Plan<\/span> <span style=\"color: #000000; text-decoration: underline;\">de<\/span> <span style=\"color: #000000; text-decoration: underline;\">estudio<\/span>:<\/span>\u00a0<span style=\"color: #000000;\"><a href=\"https:\/\/dges-cba.infd.edu.ar\/sitio\/upload\/plan_de_estudio_primario.pdf\">click<\/a> <a href=\"https:\/\/dges-cba.infd.edu.ar\/sitio\/upload\/plan_de_estudio_primario.pdf\"><strong>aqui<\/strong><\/a><\/span><\/span><\/p>\n\n\n<p><\/p>\n","protected":false},"excerpt":{"rendered":"<p>Duraci\u00f3n: 4 a\u00f1os El Profesorado en Educaci\u00f3n Primaria busca formar un profesional con sensibilidad social que utilice sus conocimientos metodol\u00f3gicos y te\u00f3ricos para la soluci\u00f3n creativa a problemas inherentes a la educaci\u00f3n de los ni\u00f1os entre los 6 y 12 a\u00f1os. Para ello, debe considerar los valores culturales del medio y las caracter\u00edsticas contextuales\u00a0 en &#8230; <a title=\"Profesorado de Educaci\u00f3n Primaria\" class=\"read-more\" href=\"https:\/\/iscarena-cba.infd.edu.ar\/sitio\/profesorado-de-educacion-primaria\/\" aria-label=\"More on Profesorado de Educaci\u00f3n Primaria\">[+]<\/a><\/p>\n","protected":false},"author":1285,"featured_media":0,"parent":0,"menu_order":0,"comment_status":"closed","ping_status":"closed","template":"","meta":[],"acf":[],"_links":{"self":[{"href":"https:\/\/iscarena-cba.infd.edu.ar\/sitio\/wp-json\/wp\/v2\/pages\/1351"}],"collection":[{"href":"https:\/\/iscarena-cba.infd.edu.ar\/sitio\/wp-json\/wp\/v2\/pages"}],"about":[{"href":"https:\/\/iscarena-cba.infd.edu.ar\/sitio\/wp-json\/wp\/v2\/types\/page"}],"author":[{"embeddable":true,"href":"https:\/\/iscarena-cba.infd.edu.ar\/sitio\/wp-json\/wp\/v2\/users\/1285"}],"replies":[{"embeddable":true,"href":"https:\/\/iscarena-cba.infd.edu.ar\/sitio\/wp-json\/wp\/v2\/comments?post=1351"}],"version-history":[{"count":5,"href":"https:\/\/iscarena-cba.infd.edu.ar\/sitio\/wp-json\/wp\/v2\/pages\/1351\/revisions"}],"predecessor-version":[{"id":4300,"href":"https:\/\/iscarena-cba.infd.edu.ar\/sitio\/wp-json\/wp\/v2\/pages\/1351\/revisions\/4300"}],"wp:attachment":[{"href":"https:\/\/iscarena-cba.infd.edu.ar\/sitio\/wp-json\/wp\/v2\/media?parent=1351"}],"curies":[{"name":"wp","href":"https:\/\/api.w.org\/{rel}","templated":true}]}}

Profesorado de Educación Primaria

<p><strong>Duración: 4 años</strong></p>


<p><span style="font-weight: 400;">El </span><span style="font-weight: 400;">Profesorado en Educación Primaria busca formar un profesional con sensibilidad social que utilice sus conocimientos metodológicos y teóricos para la solución creativa a problemas inherentes a la educación de los niños entre los 6 y 12 años. Para ello, debe considerar los valores culturales del medio y las características contextuales  en las que desarrollará la actividad docente.</span></p>
<p><span style="font-weight: 400;">Así el Profesor de Educación Primaria deberá conocer:</span></p>
<ul>
<li style="font-weight: 400;" aria-level="1"><span style="font-weight: 400;">Las áreas: filosófica, pedagógico-didáctica, antropológica, socio-política, psicológica y formarse en lenguajes verbales y no verbales.</span></li>
</ul>
<ul>
<li style="font-weight: 400;" aria-level="1"><span style="font-weight: 400;">El desarrollo integral del niño y su relación con los procesos de enseñanza y aprendizaje considerando diferentes espacios socioculturales.</span></li>
</ul>
<ul>
<li style="font-weight: 400;" aria-level="1"><span style="font-weight: 400;">Los campos teóricos y metodológicos referidos a la Educación Primaria.   </span></li>
</ul>
<p><span style="font-weight: 400;">A partir de aquí, el profesor de Educación Primaria podrá diseñar, desarrollar y evaluar procesos de enseñanza para la Educación Primaria en sus diferentes ciclos y modalidades; participar en la elaboración y evaluación de planes, programas y proyectos en instituciones formales y no formales.</span></p>
<p><span style="font-weight: 400;">El maestro tiene como función fundamental ser transmisor y recreador cultural a  partir de su capacidad reflexiva,  crítica y creativa. De esta manera, la formación docente inicial sentará las bases en este sentido y se complementará a posteriori con la formación docente continua que permita la apropiación de saberes actualizados.</span></p>
<p><span style="font-weight: 400;"> </span><span style="font-weight: 400;">CAMPO LABORAL:</span></p>
<p><span style="font-weight: 400;">Área Pública:</span></p>
<ul>
<li><span style="font-weight: 400;"> Instituciones educativas de nivel primario urbanas y/o rurales.</span></li>
<li><span style="font-weight: 400;"> Educación domiciliaria y hospitalaria de nivel primario.</span></li>
<li><span style="font-weight: 400;"> Instituciones primarias para adultos.</span></li>
<li><span style="font-weight: 400;"> Escuelas primarias en contextos de privación de libertad.</span></li>
<li><span style="font-weight: 400;"> Programas de atención a la infancia.</span></li>
<li><span style="font-weight: 400;"> Desarrollo de actividades educativas, culturales, recreativas en ámbitos formales y no formales.</span></li>
<li><span style="font-weight: 400;"> Organismos de Atención y estudio referidos a Educación del niño entre los 6 y los 12 años.</span></li>
</ul>
<p><span style="font-weight: 400;">Área Privada:</span></p>
<ul>
<li><span style="font-weight: 400;"> Escuelas privadas de nivel primario.</span></li>
<li><span style="font-weight: 400;"> Ejercicio Profesional Independiente.</span></li>
</ul>
<p><img decoding="async" loading="lazy" class="size-full wp-image-3157 aligncenter" src="https://iscarena-cba.infd.edu.ar/sitio/wp-content/uploads/2022/09/profodi.jpg" alt="" width="487" height="245" /></p>
<p><span style="font-weight: 400;">El </span><b>Profesorado de Educación Primaria </b><span style="font-weight: 400;">se dicta en el marco del </span><b>PROFODI-MC</b><span style="font-weight: 400;">. Este Programa de Formación Docente Inicial en Modalidad Combinada  tiene como objetivo acompañar a las instituciones, docentes y estudiantes a transitar una experiencia de formación docente inicial en modalidad combinada, asistiendo en apoyo pedagógico, desarrollo de aulas virtuales, capacitación en herramientas digitales, etc. </span></p>
<p> </p>
<p><b>Plan de estudio</b></p>
<p><img decoding="async" loading="lazy" class="alignnone size-medium wp-image-3401 aligncenter" src="https://iscarena-cba.infd.edu.ar/sitio/wp-content/uploads/2023/09/Diapositiva4-1000x563.jpg" alt="" width="1000" height="563" srcset="https://iscarena-cba.infd.edu.ar/sitio/wp-content/uploads/2023/09/Diapositiva4-1000x563.jpg 1000w, https://iscarena-cba.infd.edu.ar/sitio/wp-content/uploads/2023/09/Diapositiva4-768x432.jpg 768w, https://iscarena-cba.infd.edu.ar/sitio/wp-content/uploads/2023/09/Diapositiva4.jpg 1280w" sizes="(max-width: 1000px) 100vw, 1000px" /></p>
<p><b>Sistema de correlatividades</b></p>
<p><img decoding="async" loading="lazy" class="wp-image-3159 aligncenter" src="https://iscarena-cba.infd.edu.ar/sitio/wp-content/uploads/2022/09/correlativas-Profesorado-de-Primaria.jpg" alt="" width="666" height="372" srcset="https://iscarena-cba.infd.edu.ar/sitio/wp-content/uploads/2022/09/correlativas-Profesorado-de-Primaria.jpg 783w, https://iscarena-cba.infd.edu.ar/sitio/wp-content/uploads/2022/09/correlativas-Profesorado-de-Primaria-768x430.jpg 768w" sizes="(max-width: 666px) 100vw, 666px" /></p>
<p><span style="color: #ffffff;"><strong>s a la DGES</strong></span></p>
<p><span style="color: #ffffff;"><span style="text-decoration: underline;"><span style="color: #000000; text-decoration: underline;">Plan</span> <span style="color: #000000; text-decoration: underline;">de</span> <span style="color: #000000; text-decoration: underline;">estudio</span>:</span> <span style="color: #000000;"><a href="https://dges-cba.infd.edu.ar/sitio/upload/plan_de_estudio_primario.pdf">click</a> <a href="https://dges-cba.infd.edu.ar/sitio/upload/plan_de_estudio_primario.pdf"><strong>aqui</strong></a></span></span></p>


<p></p>

<p>Duración: 4 años El Profesorado en Educación Primaria busca formar un profesional con sensibilidad social que utilice sus conocimientos metodológicos y teóricos para la solución creativa a problemas inherentes a la educación de los niños entre los 6 y 12 años. Para ello, debe considerar los valores culturales del medio y las características contextuales  en &#8230; <a title="Profesorado de Educación Primaria" class="read-more" href="https://iscarena-cba.infd.edu.ar/sitio/profesorado-de-educacion-primaria/" aria-label="More on Profesorado de Educación Primaria">[+]</a></p>
