{"id":1308,"date":"2018-07-02T19:33:33","date_gmt":"2018-07-02T22:33:33","guid":{"rendered":"https:\/\/iscarena-cba.infd.edu.ar\/sitio\/datos-institucionales\/"},"modified":"2025-08-13T18:52:29","modified_gmt":"2025-08-13T21:52:29","slug":"datos-institucionales","status":"publish","type":"page","link":"https:\/\/iscarena-cba.infd.edu.ar\/sitio\/datos-institucionales\/","title":{"rendered":"Datos institucionales"},"content":{"rendered":"<table border=\"0\" align=\"center\">\n<tbody>\n<tr>\n<td align=\"center\"><span style=\"font-size: medium;\"><strong>Informaci\u00f3n del Instituto<\/strong><\/span><\/td>\n<\/tr>\n<tr>\n<td>\n<table border=\"0\" align=\"center\">\n<tbody>\n<tr>\n<td><strong><span style=\"font-size: small;\">Departamento:<\/span><\/strong><\/td>\n<td><span style=\"font-size: small;\">San Alberto<\/span><\/td>\n<\/tr>\n<tr>\n<td><strong><span style=\"font-size: small;\">Localidad:<\/span><\/strong><\/td>\n<td><span style=\"font-size: small;\">Mina Clavero<\/span><\/td>\n<\/tr>\n<tr>\n<td><strong><span style=\"font-size: small;\">Nombre:<\/span><\/strong><\/td>\n<td><strong><span style=\"font-size: small;\">Instituto Superior Dr. Carlos Mar\u00eda Carena<\/span><\/strong><\/td>\n<\/tr>\n<tr>\n<td><strong><span style=\"font-size: small;\">CUE:<\/span><\/strong><\/td>\n<td><span style=\"font-size: small;\">140365100<\/span><\/td>\n<\/tr>\n<tr>\n<td><strong><span style=\"font-size: small;\">Equipo de Gesti\u00f3n:<\/span><\/strong><\/td>\n<td><span style=\"font-size: small;\">Klare Von Hermann, B\u00e1rbara Elena y Quevedo, Ver\u00f3nica<\/span><\/td>\n<\/tr>\n<tr>\n<td><strong><span style=\"font-size: small;\">Domicilio:<\/span><\/strong><\/td>\n<td><span style=\"font-size: small;\">Av. San Mart\u00edn 2337<\/span><\/td>\n<\/tr>\n<tr>\n<td><strong><span style=\"font-size: small;\">WEB:<\/span><\/strong><\/p>\n<p><strong><span style=\"font-size: small;\">Canal de WhatsApp<\/span><\/strong><\/p>\n<p><strong><span style=\"font-size: small;\">Facebook<\/span><\/strong><\/p>\n<p><strong><span style=\"font-size: small;\">Instagram<\/span><\/strong><\/p>\n<p><strong><span style=\"font-size: small;\">YouTube<\/span><\/strong><\/td>\n<td><span style=\"font-size: small;\"><a href=\"http:\/\/iscarena-cba.infd.edu.ar\/\" target=\"_blank\" rel=\"noopener\">http:\/\/iscarena-cba.infd.edu.ar<\/a><\/span><\/p>\n<p><a href=\"https:\/\/whatsapp.com\/channel\/0029VamxNWsH5JLsrqOaJH0K\">https:\/\/whatsapp.com\/channel\/0029VamxNWsH5JLsrqOaJH0K<\/a><\/p>\n<p><a href=\"https:\/\/www.facebook.com\/CarenaMc\">https:\/\/www.facebook.com\/CarenaMc<\/a><\/p>\n<p><a href=\"https:\/\/www.instagram.com\/institutocarena\">https:\/\/www.instagram.com\/institutocarena<\/a><\/p>\n<p><a href=\"https:\/\/www.youtube.com\/@institutosuperiordr.carlos5082\">https:\/\/www.youtube.com\/@institutosuperiordr.carlos5082<\/a><\/td>\n<\/tr>\n<tr>\n<td><strong><span style=\"font-size: small;\">Gesti\u00f3n:<\/span><\/strong><\/td>\n<td><span style=\"font-size: small;\">Estatal<\/span><\/td>\n<\/tr>\n<tr>\n<td><strong><span style=\"font-size: small;\">Barrio:<\/span><\/strong><\/td>\n<td><span style=\"font-size: small;\">Centro<\/span><\/td>\n<\/tr>\n<tr>\n<td><strong><span style=\"font-size: small;\">CP:<\/span><\/strong><\/td>\n<td><span style=\"font-size: small;\">5889<\/span><\/td>\n<\/tr>\n<tr>\n<td><strong><span style=\"font-size: small;\">E-Mails:<\/span><\/strong><\/td>\n<td><span style=\"font-size: small;\">icarenamclavero@iscarena.edu.ar<\/span><\/td>\n<\/tr>\n<tr>\n<td><strong><span style=\"font-size: small;\">Tel\u00e9fonos:<\/span><\/strong><\/td>\n<td><span style=\"font-size: small;\">03544-476254 &#8211; <strong>WhatsApp: <\/strong>3544-15547950<\/span><\/td>\n<\/tr>\n<tr>\n<td><strong><span style=\"font-size: small;\">Ubicaci\u00f3n Geogr\u00e1fica:<\/span><\/strong><\/td>\n<td><span style=\"font-size: small;\"><a href=\"https:\/\/maps.app.goo.gl\/ugrkJupEqHjKuNjy8\">Clic Aqu\u00ed<\/a><\/span><\/td>\n<\/tr>\n<\/tbody>\n<\/table>\n<\/td>\n<\/tr>\n<\/tbody>\n<\/table>\n","protected":false},"excerpt":{"rendered":"<p>Informaci\u00f3n del Instituto Departamento: San Alberto Localidad: Mina Clavero Nombre: Instituto Superior Dr. Carlos Mar\u00eda Carena CUE: 140365100 Equipo de Gesti\u00f3n: Klare Von Hermann, B\u00e1rbara Elena y Quevedo, Ver\u00f3nica Domicilio: Av. San Mart\u00edn 2337 WEB: Canal de WhatsApp Facebook Instagram YouTube http:\/\/iscarena-cba.infd.edu.ar https:\/\/whatsapp.com\/channel\/0029VamxNWsH5JLsrqOaJH0K https:\/\/www.facebook.com\/CarenaMc https:\/\/www.instagram.com\/institutocarena https:\/\/www.youtube.com\/@institutosuperiordr.carlos5082 Gesti\u00f3n: Estatal Barrio: Centro CP: 5889 E-Mails: icarenamclavero@iscarena.edu.ar Tel\u00e9fonos: &#8230; <a title=\"Datos institucionales\" class=\"read-more\" href=\"https:\/\/iscarena-cba.infd.edu.ar\/sitio\/datos-institucionales\/\" aria-label=\"More on Datos institucionales\">[+]<\/a><\/p>\n","protected":false},"author":1285,"featured_media":0,"parent":0,"menu_order":0,"comment_status":"closed","ping_status":"closed","template":"","meta":[],"acf":[],"_links":{"self":[{"href":"https:\/\/iscarena-cba.infd.edu.ar\/sitio\/wp-json\/wp\/v2\/pages\/1308"}],"collection":[{"href":"https:\/\/iscarena-cba.infd.edu.ar\/sitio\/wp-json\/wp\/v2\/pages"}],"about":[{"href":"https:\/\/iscarena-cba.infd.edu.ar\/sitio\/wp-json\/wp\/v2\/types\/page"}],"author":[{"embeddable":true,"href":"https:\/\/iscarena-cba.infd.edu.ar\/sitio\/wp-json\/wp\/v2\/users\/1285"}],"replies":[{"embeddable":true,"href":"https:\/\/iscarena-cba.infd.edu.ar\/sitio\/wp-json\/wp\/v2\/comments?post=1308"}],"version-history":[{"count":13,"href":"https:\/\/iscarena-cba.infd.edu.ar\/sitio\/wp-json\/wp\/v2\/pages\/1308\/revisions"}],"predecessor-version":[{"id":4580,"href":"https:\/\/iscarena-cba.infd.edu.ar\/sitio\/wp-json\/wp\/v2\/pages\/1308\/revisions\/4580"}],"wp:attachment":[{"href":"https:\/\/iscarena-cba.infd.edu.ar\/sitio\/wp-json\/wp\/v2\/media?parent=1308"}],"curies":[{"name":"wp","href":"https:\/\/api.w.org\/{rel}","templated":true}]}}