{"id":1296,"date":"2018-07-02T19:33:29","date_gmt":"2018-07-02T22:33:29","guid":{"rendered":"https:\/\/iscarena-cba.infd.edu.ar\/sitio\/formularios-e-informacion-para-alumnos\/"},"modified":"2025-03-14T20:45:11","modified_gmt":"2025-03-14T23:45:11","slug":"formularios-e-informacion-para-alumnos","status":"publish","type":"page","link":"https:\/\/iscarena-cba.infd.edu.ar\/sitio\/formularios-e-informacion-para-alumnos\/","title":{"rendered":"Formularios e Informaci\u00f3n para Alumnos"},"content":{"rendered":"\n<p><strong>Para seguir las novedades institucionales recuerden que disponemos de los siguientes medios de comunicaci\u00f3n:<\/strong><\/p>\n\n\n\n<p><ul>\n \t<li><strong>Tel\u00e9fono Fijo:<\/strong>&nbsp;03544-476254<\/li>\n \t<li><strong>Facebook:<\/strong><a href=\"https:\/\/www.facebook.com\/CarenaMc\" target=\"_blank\" rel=\"noopener\">&nbsp;<\/a><a href=\"https:\/\/www.facebook.com\/CarenaMc\" target=\"_blank\" rel=\"noopener\">https:\/\/www.facebook.com\/CarenaMc<\/a><\/li>\n \t<li><strong>Instagram:<\/strong>&nbsp;<a href=\"https:\/\/www.instagram.com\/institutocarena\/\" target=\"_blank\" rel=\"noopener\">https:\/\/www.instagram.com\/institutocarena\/<\/a><\/li>\n \t<li><strong>Correo electr\u00f3nico Secretar\u00eda:<\/strong>&nbsp;icarenamclavero@hotmail.com<\/li>\n \t<li><strong>Correo electr\u00f3nico Coordinaci\u00f3n:<\/strong>&nbsp;coordinacion@iscarena.edu.ar<\/li>\n<\/ul>\nAdem\u00e1s, contamos con documentos orientativos y de acompa\u00f1amiento en el &lt;Aula Virtual Hora Libre&gt;. La misma es de acceso libre a todas las persona pertenecientes al Instituto Carena. Pueden ingresar desde su perfil de usuario o haciendo clic aqu\u00ed:<\/p>\n\n\n<div class=\"wp-block-image\">\n<figure class=\"aligncenter size-large is-resized\"><a href=\"https:\/\/iscarena-cba.infd.edu.ar\/aula\/index.cgi?id_curso=861\"><img decoding=\"async\" loading=\"lazy\" src=\"https:\/\/iscarena-cba.infd.edu.ar\/sitio\/wp-content\/uploads\/2022\/08\/Hora-Libre.jpg\" alt=\"\" class=\"wp-image-3035\" width=\"265\" height=\"265\" srcset=\"https:\/\/iscarena-cba.infd.edu.ar\/sitio\/wp-content\/uploads\/2022\/08\/Hora-Libre.jpg 675w, https:\/\/iscarena-cba.infd.edu.ar\/sitio\/wp-content\/uploads\/2022\/08\/Hora-Libre-500x500.jpg 500w\" sizes=\"(max-width: 265px) 100vw, 265px\" \/><\/a><\/figure><\/div>\n\n\n<p>All\u00ed podr\u00e1n descargar informaci\u00f3n importante sobre el cursado y de acompa\u00f1amiento a sus trayectorias. Estamos en la b\u00fasqueda conjunta de otorgarle la identidad de un canal de comunicaci\u00f3n para que puedan interactuar, exponer comentarios, dudas o problemas que tengan respecto a la plataforma y de la vida institucional en general. Es un espacio que ir\u00e1 creciendo y que necesita de su participaci\u00f3n. Por eso los y las esperamos a intervenirla como un espacio m\u00e1s del Carena. \u00a1Sus aportes siempre son muy \u00fatiles y necesarios!<\/p>\n\n\n\n<p><\/p>\n\n\n<p><span style=\"font-size: 12pt;\"><strong><span style=\"text-decoration: underline;\">CRITERIOS PARA LA PRESENTACI\u00d3N FORMAL DE TRABAJO ESCRITOS EN CARRERAS DOCENTES Y T\u00c9CNICAS<\/span><\/strong><\/span>:<\/p>\n<p>Para acceder a las normas b\u00e1sicas y consejos para\u00a0 para elaborar documentos escritos haga clic aqu\u00ed:\u00a0<a href=\"https:\/\/drive.google.com\/file\/d\/1jlDssA-C2lq1ZJbMjyE6-a1kXdMafHd7\/view?usp=sharing\">DOCUMENTO<\/a><\/p>\n<p><span style=\"font-size: 12pt;\"><strong><span style=\"text-decoration: underline;\">FORMULARIOS DE USO ESTUDIANTIL<\/span><\/strong><\/span><\/p>\n<p><span style=\"font-size: 12pt;\" data-mce-mark=\"1\">Para acceder al Formulario del C.U.S. (Certificado \u00danico de Salud) haga clic<span class=\"apple-converted-space\">\u00a0<\/span><a href=\"https:\/\/drive.google.com\/file\/d\/1HEEGhxsHWt5RXO2kkfpdqGplZhjl4jSO\/view?usp=sharing\">aqu\u00ed<\/a>:<\/span><\/p>\n<p><span style=\"font-size: 12pt;\" data-mce-mark=\"1\">Para acceder al Formulario de Solicitud de Mesas Extraordinarias haga clic<span class=\"apple-converted-space\">\u00a0<a href=\"https:\/\/iscarena-cba.infd.edu.ar\/sitio\/wp-content\/uploads\/2018\/08\/Nota-de-Solicitud-de-Mesa-de-Examen-Extraordinaria-para-Asignaturas.pdf\">aqu\u00ed<\/a>:<\/span><a title=\"Solicitud de mesas extraordinarias\" href=\"upload\/Nota_solicitud_mesas_extraordinarias.pdf\" target=\"_blank\" rel=\"noopener\"><br \/><\/a><\/span><\/p>\n<p><span style=\"font-size: 12pt;\">Para acceder al Formulario de Solicitud de Equivalencias haga clic<span class=\"apple-converted-space\">\u00a0<a title=\"SOLICITUD_DE_EQUIVALENCIA__AN_O_2018\" href=\"https:\/\/docs.google.com\/document\/d\/1XsZ9bWXsp6GVePXDG3PMnx7VIOtklwdq\/edit?usp=drivesdk&amp;ouid=105671217509889138604&amp;rtpof=true&amp;sd=true\" target=\"_blank\" rel=\"noopener\">aqu\u00ed<\/a>:<\/span><\/span><\/p>\n<p>Para acceder al Formulario de Solicitud de Reconocimiento de Saberes haga clic <a href=\"https:\/\/docs.google.com\/document\/d\/1O9VIy3oidI5UQJvQPHJF2Nw92jdUsvCy\/edit?usp=drivesdk&amp;ouid=105671217509889138604&amp;rtpof=true&amp;sd=true\">aqu\u00ed<\/a>:<\/p>\n<p>\u00a0<\/p>\n<p><strong><span style=\"font-size: 12pt;\">PREINSCRIPCIONES<\/span><\/strong><\/p>\n<p><span style=\"font-size: 12pt;\">Los interesados en cursar alguna de las carreras que ofrece nuestro Instituto, se pueden pre-inscribir a trav\u00e9s de la p\u00e1gina de Ciudadano Digital de la provincia de C\u00f3rdoba desde la opci\u00f3n Gesti\u00f3n de Estudiantes.<\/span><\/p>\n<p><span style=\"font-size: 12pt;\">Al pre-inscribirse, deben imprimir el formulario de pre-inscripci\u00f3n y presentarlo en el instituto como comprobante.<\/span><\/p>\n<p><strong><span style=\"font-size: 12pt;\">INSCRIPCIONES DEFINITIVAS<\/span><\/strong><\/p>\n<p><span style=\"font-size: 12pt;\">LOS REQUISITOS SON:<\/span><\/p>\n<ul>\n<li><span style=\"font-size: 16px;\">FOTOCOPIA DEL DNI<\/span><\/li>\n<li><span style=\"font-size: 16px;\">FOTOCOPIA DE PARTIDA DE NACIMIENTO<\/span><\/li>\n<li><span style=\"font-size: 16px;\">FOTOCOPIA DEL T\u00cdTULO O CONSTANCIA DE DE ESTUDIO EN TR\u00c1MITE<\/span><\/li>\n<li><span style=\"font-size: 16px;\">CERTIFICADO DE DOMICILO (ACTUALIZADO)<\/span><\/li>\n<li><span style=\"font-size: 16px;\">CERTIFICADO DE ANTECEDENTES (ACTUALIZADO)<\/span><\/li>\n<li><span style=\"font-size: 16px;\">2 FOTOS DE 4 X 4\u00a0<\/span><\/li>\n<li><span style=\"font-size: 16px;\">FICHA M\u00c9DICA (C.U.S.)<\/span><\/li>\n<\/ul>\n<p><span style=\"font-size: 16px;\">COLOCAR TODOS LOS REQUISITOS DENTRO DE UNA CARPETA DE CARTULINA PARA LEGAJOS DEBIDAMENTE FOLIADA.<\/span><\/p>","protected":false},"excerpt":{"rendered":"<p>Para seguir las novedades institucionales recuerden que disponemos de los siguientes medios de comunicaci\u00f3n: Tel\u00e9fono Fijo:&nbsp;03544-476254 Facebook:&nbsp;https:\/\/www.facebook.com\/CarenaMc Instagram:&nbsp;https:\/\/www.instagram.com\/institutocarena\/ Correo electr\u00f3nico Secretar\u00eda:&nbsp;icarenamclavero@hotmail.com Correo electr\u00f3nico Coordinaci\u00f3n:&nbsp;coordinacion@iscarena.edu.ar Adem\u00e1s, contamos con documentos orientativos y de acompa\u00f1amiento en el &lt;Aula Virtual Hora Libre&gt;. La misma es de acceso libre a todas las persona pertenecientes al Instituto Carena. Pueden ingresar desde &#8230; <a title=\"Formularios e Informaci\u00f3n para Alumnos\" class=\"read-more\" href=\"https:\/\/iscarena-cba.infd.edu.ar\/sitio\/formularios-e-informacion-para-alumnos\/\" aria-label=\"More on Formularios e Informaci\u00f3n para Alumnos\">[+]<\/a><\/p>\n","protected":false},"author":1285,"featured_media":0,"parent":0,"menu_order":0,"comment_status":"closed","ping_status":"closed","template":"","meta":[],"acf":[],"_links":{"self":[{"href":"https:\/\/iscarena-cba.infd.edu.ar\/sitio\/wp-json\/wp\/v2\/pages\/1296"}],"collection":[{"href":"https:\/\/iscarena-cba.infd.edu.ar\/sitio\/wp-json\/wp\/v2\/pages"}],"about":[{"href":"https:\/\/iscarena-cba.infd.edu.ar\/sitio\/wp-json\/wp\/v2\/types\/page"}],"author":[{"embeddable":true,"href":"https:\/\/iscarena-cba.infd.edu.ar\/sitio\/wp-json\/wp\/v2\/users\/1285"}],"replies":[{"embeddable":true,"href":"https:\/\/iscarena-cba.infd.edu.ar\/sitio\/wp-json\/wp\/v2\/comments?post=1296"}],"version-history":[{"count":11,"href":"https:\/\/iscarena-cba.infd.edu.ar\/sitio\/wp-json\/wp\/v2\/pages\/1296\/revisions"}],"predecessor-version":[{"id":4287,"href":"https:\/\/iscarena-cba.infd.edu.ar\/sitio\/wp-json\/wp\/v2\/pages\/1296\/revisions\/4287"}],"wp:attachment":[{"href":"https:\/\/iscarena-cba.infd.edu.ar\/sitio\/wp-json\/wp\/v2\/media?parent=1296"}],"curies":[{"name":"wp","href":"https:\/\/api.w.org\/{rel}","templated":true}]}}